(base 4) to base 3
120101012201
Convert -18b667 (base 15) to base 10.
-1202947
Convert 5214011 (base 7) to base 9.
1153185
-49bd (base 15) to base 5
-1000303
38127 (base 13) to base 14
299c1
What is 45101520 (base 6) in base 5?
322024313
Convert 641547 (base 8) to base 10.
213863
Convert 21716150 (base 8) to base 14.
8a2452
13c239 (base 16) to base 11
804977
What is -2118b3 (base 12) in base 5?
-113141130
Convert -23a9918 (base 11) to base 10.
-4185772
-32143434 (base 5) to base 14
-71064
55a44 (base 11) to base 8
236336
Convert 2075858 (base 9) to base 13.
2cc894
Convert 1720303 (base 9) to base 4.
3221323020
Convert 2a364 (base 14) to base 16.
199f4
Convert 41187 (base 11) to base 15.
12c26
-4b0b9 (base 13) to base 6
-2545255
146263 (base 8) to base 7
305531
What is 19a7e7 (base 15) in base 9?
2315371
-2332232112 (base 4) to base 15
-106706
Convert 49e39a (base 15) to base 12.
1229377
What is -22406605 (base 8) in base 5?
-2220300000
Convert -25cab0 (base 14) to base 6.
-43531202
Convert -1b05b3 (base 12) to base 7.
-4026645
Convert 3113130302 (base 4) to base 15.
126722
45155322 (base 6) to base 14
278a0a
Convert 10200121000 (base 3) to base 12.
36023
Convert -5cc75 (base 15) to base 2.
-1001000010111110011
What is 10110001010111110011010 (base 2) in base 4?
112022332122
-5175043 (base 9) to base 3
-12012112001110
Convert -10011101110001111100001 (base 2) to base 16.
-4ee3e1
Convert -11261173 (base 8) to base 9.
-4543740
Convert 11201001000 (base 3) to base 10.
92610
Convert 997c37 (base 13) to base 10.
3616139
-3c237d (base 16) to base 2
-1111000010001101111101
-20434004 (base 6) to base 14
-117164
What is -2798372 (base 10) in base 5?
-1204021442
1053237 (base 9) to base 4
2022111211
What is 7351aa (base 13) in base 3?
12001222020220
-110111210111 (base 3) to base 13
-88117
What is -1726b (base 16) in base 15?
-1d16c
-5471443 (base 10) to base 6
-313134431
What is -101000000011111010 (base 2) in base 6?
-3303402
What is -18514416 (base 9) in base 8?
-43501246
What is 1050615 (base 9) in base 11?
356336
Convert -c9e1e9 (base 16) to base 11.
-7517360
-2121111012 (base 3) to base 2
-1100100010111010
Convert -141035130 (base 6) to base 16.
-2b80de
2873243 (base 9) to base 14
2d3177
22d82 (base 14) to base 12
4121a
10122000002020 (base 3) to base 7
22252614
Convert -202331033 (base 4) to base 13.
-50231
-234c5 (base 13) to base 5
-4031200
Convert -3101764 (base 9) to base 16.
-193fc6
What is 94060a (base 11) in base 10?
1508759
-2dd1a0 (base 15) to base 6
-115334553
-1322763 (base 8) to base 11
-233122
Convert 121201210110122 (base 3) to base 14.
1276ab9
Convert 23366205 (base 7) to base 12.
838239
What is 21230340 (base 5) in base 3?
100011001012
Convert -3c2daa (base 15) to base 11.
-16a8447
-29c146 (base 16) to base 5
-1200031304
165129 (base 11) to base 3
110222202112
What is -3013123232 (base 4) in base 7?
-6641366
What is 227743 (base 10) in base 5?
24241433
a9c50 (base 13) to base 3
120121210000
-229d6f (base 16) to base 12
-91497b
63792b (base 12) to base 11
981595
What is -132102022 (base 4) in base 11?
-85216
What is -43893a (base 12) in base 15?
-162c87
-9108 (base 14) to base 10
-24900
322810 (base 10) to base 15
659aa
What is -210122102001 (base 3) in base 14?
-b1390
Convert 3210022013 (base 4) to base 7.
10641410
Convert -1051405021 (base 6) to base 16.
-b05585
187a21 (base 11) to base 13
a155c
-33201331 (base 4) to base 2
-1111100001111101
320230030 (base 4) to base 16
38b0c
444654 (base 12) to base 8
4111240
What is -16be41 (base 15) in base 9?
-2061587
303834a (base 11) to base 4
110132331013
What is -12120012122002 (base 3) in base 2?
-1011010001110100001100
What is -e62370 (base 16) in base 4?
-321202031300
What is -7136042 (base 9) in base 10?
-3803231
Convert -1725 (base 10) to base 9.
-2326
Convert -11201003 (base 5) to base 13.
-36762
-1012321000 (base 4) to base 3
-112202022101
9dd2d (base 15) to base 9
845227
-213054510 (base 6) to base 10
-3786666
What is -755927 (base 11) in base 12?
-4a3327
-12211001022220 (base 3) to base 10
-3091200
Convert -13103100010 (base 4) to base 10.
-1913860
4241141004 (base 5) to base 9
17716357
-101100001010110 (base 2) to base 15
-6a79
What is -20200022202121 (base 3) in base 15?
-4a19bd
Convert -34432313 (base 5) to base 10.
-311583
What is 4092b (base 12) in base 4?
110210303
Convert -634db (base 14) to base 3.
-110011210222
Convert c70 (base 13) to base 5.
31434
-55180c (base 14) to base 2
-1011000000011110010100
Convert 2117002 (base 10) to base 6.
113212534
Convert ba333 (base 12) to base 5.
30331342
What is -12bd2c (base 16) in base 5?
-303244301
236d21 (base 14) to base 13
334951
-3a088a (base 11) to base 8
-2317545
What is -671338 (base 12) in base 9?
-3070118
Convert 12200221121120 (base 3) to base 12.
10216a3
11550034 (base 6) to base 11
234519
336896a (base 12) to base 16
963562
-1002022122121 (base 3) to base 8
-2147132
What is -11020022121 (base 3) in base 14?
-2252a
What is -ac3165 (base 14) in base 12?
-1b60145
What is -1a01566 (base 13) in base 7?
-132420212
What is 8b2402 (base 14) in base 3?
22220101022121
-18423 (base 16) to base 12
-49603
-24fc2d (base 16) to base 2
-1001001111110000101101
What is -164521 (base 7) in base 15?
-9aea
What is 1100102122120 (base 3) in base 9?
1312576
What is -b8b2 (base 12) in base 15?
-602e
110002200212 (base 3) to base 10
238163
Convert -11101010100000011010010 (base 2) to base 3.
-112110101212221
What is -1368a0 (base 11) in base 5?
-23322123
Convert -996a2 (base 13) to base 16.
-43dd0
Convert -10011111010011011111101 (base 2) to base 6.
-303515033
-11342002 (base 5) to base 11
-72602
What is 212101002201 (base 3) in base 12?
1a22b4
322529 (base 15) to base 2
1001000110110101011001
Convert 2274638 (base 9) to base 4.
10230120020
Convert -1418197 (base 12) to base 3.
-21120001002121
146706 (base 8) to base 4
30313012
What is -1c5bb (base 13) in base 11?
-39020
-101013003 (base 4) to base 3
-10120010200
Convert 520ba0 (base 15) to base 8.
16702516
Convert -29c30 (base 13) to base 16.
-13472
What is -435415 (base 8) in base 14?
-3b3c1
Convert -6054024 (base 7) to base 10.
-719289
What is 96a987 (base 13) in base 7?
42026542
Convert -174205 (base 14) to base 8.
-3075675
What is 10376565 (base 10) in base 6?
1010223353
Convert -277c67 (base 13) to base 2.
-11101010011000000101
What is 1140103 (base 7) in base 12?
6b494
998012 (base 10) to base 11
621904
7a1a238 (base 11) to base 2
110101100011101001110111
What is -10121023 (base 4) in base 12?
-a4b7
Convert -aaa21 (base 12) to base 2.
-110111001100111001
What is 1415793 (base 10) in base 7?
15014451
What is 343b12 (base 13) in base 14?
24291a
Convert 46c0b1 (base 15) to base 3.
20100211010011
Convert 202002200010110 (base 3) to base 14.
15c08d3
-1020311411 (base 5) to base 6
-113232554
-5c6504 (base 14) to base 10
-3167560
Convert 1356317 (base 11) to base 7.
25600221
What is 220020002 (base 3) in base 10?
17660
Convert 418111 (base 9) to base 15.
4da3a
-2243124 (base 6) to base 14
-2db64
What is 124577 (base 8) in base 3?
2012112002
What is -686417 (base 10) in base 16?
-a7951
Convert ac327e (base 16) to base 10.
11285118
60770 (base 15) to base 5
34233210
Convert 101110010001010010110110 (base 2) to base 8.
56212266
152354133 (base 6) to base 14
5d557b
Convert -110101000000111000001 (base 2) to base 8.
-6500701
2b5f61 (base 16) to base 5
1211424330
What is -27233 (base 8) in base 12?
-6aa3
Convert -3b2a16 (base 13) to base 3.
-2200212021210
What is 63364 (base 11) in base 5?
10423042
-220102021111 (base 3) to base 8
-1652545
-4a355a9 (base 11) to base 3
-121110110002002
What is 12432030 (base 7) in base 16?
114d9b
-154874 (base 13) to base 12
-213525
Convert 31130330 (base 4) to base 9.
83522
What is 5320c (base 15) in base 4?
1000120200
279da (base 15) to base 9
213317
-105c688 (base 16) to base 10
-17155720
Convert -1425 (base 7) to base 3.
-202200
Convert c003c7 (base 14) to base 5.
3123022101
What is 1110000001100011111 (base 2) in base 12?
1a1b3b
What is 3034b5 (base 13) in base 9?
2088112
-1000230332 (base 4) to base 9
-443478
43684 (base 15) to base 13
765b2
Convert -2057c03 (base 13) to base 16.
-95bf49
-1230785 (base 9) to base 11
-41830a
-20457 (base 12) to base 10
-42115